{"id":142,"date":"2013-08-23T14:28:16","date_gmt":"2013-08-23T13:28:16","guid":{"rendered":"http:\/\/www.yoga-gap.com\/?page_id=142"},"modified":"2025-11-06T14:43:38","modified_gmt":"2025-11-06T13:43:38","slug":"yoga-cours-particuliers","status":"publish","type":"page","link":"https:\/\/www.yoga-gap.com\/?page_id=142","title":{"rendered":"Yoga cours particuliers"},"content":{"rendered":"<p style=\"text-align: justify;\"><span style=\"color: #333399;\">Les cours particuliers s\u2019adressent aux personnes qui ne souhaitent pas participer \u00e0 des cours collectifs, aux personnes qui ont des probl\u00e8mes sp\u00e9cifiques (physiques ou \u00e9motionnels) ainsi qu\u2019aux personnes qui, en plus ou non des cours collectifs, d\u00e9sirent aller plus loin dans leur pratique : sur RV, toute l\u2019ann\u00e9e.<\/span><\/p>\n<p style=\"text-align: justify;\"><span style=\"color: #333399;\"><strong>Cours adapt\u00e9s selon demandes et besoins individuels<\/strong>\u00a0 : travail propos\u00e9 en fonction \u00e0 la fois des possibilit\u00e9s et des n\u00e9cessit\u00e9s de la personne. <\/span><\/p>\n<p style=\"text-align: justify;\"><span style=\"color: #333399;\">En yoga\u00a0: postures, respiration, pranayama, m\u00e9ditation, mantra, relaxation, yoga-nidra, \u00e9tudes ou commentaires de textes. <\/span><span style=\"color: #333399;\">Mais aussi d&rsquo;autres outils : soin d\u2019harmonisation \u00e9nerg\u00e9tique, soin simple en Qi Gong,\u00a0accompagnement individuel sur une probl\u00e9matique \u00e9motionnelle particuli\u00e8re (conditionnements, croyances, blocages, blessures, etc).<\/span><\/p>\n<p><span style=\"color: #333399;\">Les cours particuliers sont des moments privil\u00e9gi\u00e9s et permettent d\u2019\u00eatre au plus pr\u00e8s des aspirations et des possibilit\u00e9s de la personne pour l\u2019aider \u00e0 devenir l\u2019actrice de son \u00e9volution en renfor\u00e7ant son engagement dans le quotidien et\/ou l&rsquo;acteur de sa propre gu\u00e9rison s\u2019il y a souffrance.<\/span><\/p>\n<p style=\"text-align: center;\">\u00a0<a href=\"https:\/\/www.yoga-gap.com\/wp-content\/uploads\/2013\/08\/IMG_9496.jpg\"><img loading=\"lazy\" decoding=\"async\" class=\"aligncenter wp-image-305\" src=\"https:\/\/www.yoga-gap.com\/wp-content\/uploads\/2013\/08\/IMG_9496.jpg\" alt=\"IMG_9496\" width=\"210\" height=\"133\" \/><\/a><\/p>\n","protected":false},"excerpt":{"rendered":"<p>Les cours particuliers s\u2019adressent aux personnes qui ne souhaitent pas participer \u00e0 des cours collectifs,<a class=\"post_read_more\" href=\"https:\/\/www.yoga-gap.com\/?page_id=142\">Read More<\/a><\/p>\n","protected":false},"author":1,"featured_media":0,"parent":0,"menu_order":0,"comment_status":"open","ping_status":"open","template":"","meta":{"footnotes":""},"class_list":["post-142","page","type-page","status-publish","hentry"],"_links":{"self":[{"href":"https:\/\/www.yoga-gap.com\/index.php?rest_route=\/wp\/v2\/pages\/142","targetHints":{"allow":["GET"]}}],"collection":[{"href":"https:\/\/www.yoga-gap.com\/index.php?rest_route=\/wp\/v2\/pages"}],"about":[{"href":"https:\/\/www.yoga-gap.com\/index.php?rest_route=\/wp\/v2\/types\/page"}],"author":[{"embeddable":true,"href":"https:\/\/www.yoga-gap.com\/index.php?rest_route=\/wp\/v2\/users\/1"}],"replies":[{"embeddable":true,"href":"https:\/\/www.yoga-gap.com\/index.php?rest_route=%2Fwp%2Fv2%2Fcomments&post=142"}],"version-history":[{"count":18,"href":"https:\/\/www.yoga-gap.com\/index.php?rest_route=\/wp\/v2\/pages\/142\/revisions"}],"predecessor-version":[{"id":2160,"href":"https:\/\/www.yoga-gap.com\/index.php?rest_route=\/wp\/v2\/pages\/142\/revisions\/2160"}],"wp:attachment":[{"href":"https:\/\/www.yoga-gap.com\/index.php?rest_route=%2Fwp%2Fv2%2Fmedia&parent=142"}],"curies":[{"name":"wp","href":"https:\/\/api.w.org\/{rel}","templated":true}]}}