{"id":465,"date":"2013-09-10T15:33:26","date_gmt":"2013-09-10T14:33:26","guid":{"rendered":"http:\/\/www.yoga-gap.com\/?page_id=465"},"modified":"2017-09-10T12:05:20","modified_gmt":"2017-09-10T11:05:20","slug":"bibliographie-2","status":"publish","type":"page","link":"https:\/\/www.yoga-gap.com\/?page_id=465","title":{"rendered":"Bibliographie"},"content":{"rendered":"<p><span style=\"color: #d15d9b;\">Philosophie du yoga et spiritualit\u00e9 :<\/span><\/p>\n<p><span style=\"color: #d15d9b;\">&#8211; <strong>\u00a0\u00bb Yoga-Sutras\u00a0\u00bb<\/strong> de Patanjali, \u00e9d. Albin Michel<\/span><\/p>\n<p><span style=\"color: #d15d9b;\">&#8211; \u00ab\u00a0<strong>Le chant de la vie\u00a0\u00bb<\/strong> par Jiddu Krishnamurti, \u00e9d. Adyar<\/span><\/p>\n<p><span style=\"color: #d15d9b;\">&#8211; <strong>\u00ab\u00a0De l&rsquo;\u00e9ducation\u00a0\u00bb<\/strong> par Jiddu Krishnamurti, \u00e9d. Delachaux et Niestl\u00e9<\/span><\/p>\n<p><span style=\"color: #d15d9b;\">&#8211; <strong>\u00ab\u00a0La vie divine\u00a0\u00bb<\/strong> 4 tomes, \u00ab La synth\u00e8se des yoga \u00bb 3 tomes,<\/span><\/p>\n<p><span style=\"color: #d15d9b;\"><strong>&#8211; \u00ab\u00a0M\u00e9taphysique et psychologie \u00ab\u00a0<\/strong>, <strong>\u00a0\u00bb La pratique du yoga int\u00e9gral \u00ab\u00a0<\/strong> de Sri Aurobindo<\/span><\/p>\n<p><span style=\"color: #d15d9b;\"><strong>&#8211; \u00a0\u00bb L\u2019enseignement de Ramana Maharshi \u00ab\u00a0<\/strong> \u00e9d. Albin Michel<\/span><\/p>\n<p><span style=\"color: #d15d9b;\"><strong>&#8211; \u00ab\u00a0La Sainte Upanisad de la Bhagavad g\u00eet\u00e2\u00a0\u00bb<\/strong> par J.-M. Rivi\u00e8re, \u00e9d. de l\u2019Arche<\/span><\/p>\n<p><span style=\"color: #d15d9b;\"><strong>&#8211; \u00ab\u00a0Hatha-Yoga-Prad\u00eep\u00eek\u00e2\u00a0\u00bb<\/strong> par Tara Micha\u00ebl, \u00e9d. Fayard<\/span><\/p>\n<p><span style=\"color: #d15d9b;\"><strong>&#8211; \u00ab\u00a0Le yoga-sutra de Patanjali, le Yoga bhy\u00e2sa de Vy\u00e2sa\u00a0\u00bb<\/strong> par Michel Angot, \u00e9d. Les Belles Lettres<\/span><\/p>\n<p><span style=\"color: #d15d9b;\"><strong>&#8211; \u00ab\u00a0En qu\u00eate de soi\u00a0\u00bb<\/strong> par Desikachar, \u00e9d. Itin\u00e9raires<\/span><\/p>\n<p><span style=\"color: #d15d9b;\"><strong>&#8211; \u00ab\u00a0Le yoga, un \u00e9veil spirituel\u00a0\u00bb<\/strong> par Desikachar, \u00e9d. Agamat<\/span><\/p>\n<p><span style=\"color: #d15d9b;\"><strong>&#8211; \u00ab\u00a0Le yoga du yogi : l&rsquo;h\u00e9ritage de Krishnamacharya\u00a0\u00bb<\/strong> par Desikachar et Jean-Marie Delautier, \u00e9d. Agamat<\/span><\/p>\n<p><span style=\"color: #d15d9b;\"><strong>&#8211; \u00ab\u00a0Aux sources de la joie\u00a0\u00bb<\/strong> M\u00e2 Ananda Moy\u00ee, \u00e9d. Albin Michel<\/span><\/p>\n<p><span style=\"color: #800080;\"><strong>&#8211; \u00ab\u00a0Le chant du silence\u00a0\u00bb<\/strong>\u00a0Chandra Swami<\/span><\/p>\n<p><span style=\"color: #800080;\">&#8211; Les ouvrages : d&rsquo;Andr\u00e9 Van Lysebeth, d&rsquo;Arnaud Desjardins, d&rsquo;Alexandra David-Neel, de Jean Klein, d&rsquo;Eric Baret, d&rsquo;Osho Rajneesh<\/span><\/p>\n<p>Liste non exhaustive&#8230;<\/p>\n","protected":false},"excerpt":{"rendered":"<p>Philosophie du yoga et spiritualit\u00e9 : &#8211; \u00a0\u00bb Yoga-Sutras\u00a0\u00bb de Patanjali, \u00e9d. Albin Michel &#8211;<a class=\"post_read_more\" href=\"https:\/\/www.yoga-gap.com\/?page_id=465\">Read More<\/a><\/p>\n","protected":false},"author":1,"featured_media":0,"parent":0,"menu_order":0,"comment_status":"open","ping_status":"open","template":"","meta":{"footnotes":""},"class_list":["post-465","page","type-page","status-publish","hentry"],"_links":{"self":[{"href":"https:\/\/www.yoga-gap.com\/index.php?rest_route=\/wp\/v2\/pages\/465","targetHints":{"allow":["GET"]}}],"collection":[{"href":"https:\/\/www.yoga-gap.com\/index.php?rest_route=\/wp\/v2\/pages"}],"about":[{"href":"https:\/\/www.yoga-gap.com\/index.php?rest_route=\/wp\/v2\/types\/page"}],"author":[{"embeddable":true,"href":"https:\/\/www.yoga-gap.com\/index.php?rest_route=\/wp\/v2\/users\/1"}],"replies":[{"embeddable":true,"href":"https:\/\/www.yoga-gap.com\/index.php?rest_route=%2Fwp%2Fv2%2Fcomments&post=465"}],"version-history":[{"count":9,"href":"https:\/\/www.yoga-gap.com\/index.php?rest_route=\/wp\/v2\/pages\/465\/revisions"}],"predecessor-version":[{"id":1820,"href":"https:\/\/www.yoga-gap.com\/index.php?rest_route=\/wp\/v2\/pages\/465\/revisions\/1820"}],"wp:attachment":[{"href":"https:\/\/www.yoga-gap.com\/index.php?rest_route=%2Fwp%2Fv2%2Fmedia&parent=465"}],"curies":[{"name":"wp","href":"https:\/\/api.w.org\/{rel}","templated":true}]}}

<p><span style="color: #d15d9b;">Philosophie du yoga et spiritualité :</span></p>
<p><span style="color: #d15d9b;">&#8211; <strong> » Yoga-Sutras »</strong> de Patanjali, éd. Albin Michel</span></p>
<p><span style="color: #d15d9b;">&#8211; « <strong>Le chant de la vie »</strong> par Jiddu Krishnamurti, éd. Adyar</span></p>
<p><span style="color: #d15d9b;">&#8211; <strong>« De l&rsquo;éducation »</strong> par Jiddu Krishnamurti, éd. Delachaux et Niestlé</span></p>
<p><span style="color: #d15d9b;">&#8211; <strong>« La vie divine »</strong> 4 tomes, « La synthèse des yoga » 3 tomes,</span></p>
<p><span style="color: #d15d9b;"><strong>&#8211; « Métaphysique et psychologie « </strong>, <strong> » La pratique du yoga intégral « </strong> de Sri Aurobindo</span></p>
<p><span style="color: #d15d9b;"><strong>&#8211;  » L’enseignement de Ramana Maharshi « </strong> éd. Albin Michel</span></p>
<p><span style="color: #d15d9b;"><strong>&#8211; « La Sainte Upanisad de la Bhagavad gîtâ »</strong> par J.-M. Rivière, éd. de l’Arche</span></p>
<p><span style="color: #d15d9b;"><strong>&#8211; « Hatha-Yoga-Pradîpîkâ »</strong> par Tara Michaël, éd. Fayard</span></p>
<p><span style="color: #d15d9b;"><strong>&#8211; « Le yoga-sutra de Patanjali, le Yoga bhyâsa de Vyâsa »</strong> par Michel Angot, éd. Les Belles Lettres</span></p>
<p><span style="color: #d15d9b;"><strong>&#8211; « En quête de soi »</strong> par Desikachar, éd. Itinéraires</span></p>
<p><span style="color: #d15d9b;"><strong>&#8211; « Le yoga, un éveil spirituel »</strong> par Desikachar, éd. Agamat</span></p>
<p><span style="color: #d15d9b;"><strong>&#8211; « Le yoga du yogi : l&rsquo;héritage de Krishnamacharya »</strong> par Desikachar et Jean-Marie Delautier, éd. Agamat</span></p>
<p><span style="color: #d15d9b;"><strong>&#8211; « Aux sources de la joie »</strong> Mâ Ananda Moyî, éd. Albin Michel</span></p>
<p><span style="color: #800080;"><strong>&#8211; « Le chant du silence »</strong> Chandra Swami</span></p>
<p><span style="color: #800080;">&#8211; Les ouvrages : d&rsquo;André Van Lysebeth, d&rsquo;Arnaud Desjardins, d&rsquo;Alexandra David-Neel, de Jean Klein, d&rsquo;Eric Baret, d&rsquo;Osho Rajneesh</span></p>
<p>Liste non exhaustive&#8230;</p>

<p>Philosophie du yoga et spiritualité : &#8211;  » Yoga-Sutras » de Patanjali, éd. Albin Michel &#8211;<a class="post_read_more" href="https://www.yoga-gap.com/?page_id=465">Read More</a></p>
