{"id":49,"date":"2013-08-22T15:36:11","date_gmt":"2013-08-22T14:36:11","guid":{"rendered":"http:\/\/www.yoga-gap.com\/?page_id=49"},"modified":"2025-11-06T14:05:46","modified_gmt":"2025-11-06T13:05:46","slug":"infos","status":"publish","type":"page","link":"https:\/\/www.yoga-gap.com\/?page_id=49","title":{"rendered":"Actualit\u00e9s"},"content":{"rendered":"<p><span style=\"color: #ff0000;\"><span style=\"color: #800080;\"><span style=\"text-decoration: underline;\">Reprise des cours habituels la semaine du 15 septembre 2025<\/span>. Merci de t\u00e9l\u00e9phoner auparavant pour vous assurer qu&rsquo;il y a de la place au cr\u00e9neau que vous avez choisi.<\/span><br \/>\n<\/span><\/p>\n<p><span style=\"text-decoration: underline;\"><span style=\"color: #3366ff; text-decoration: underline;\">Cours collectifs (hors petites vacances scolaires)<\/span><\/span><span style=\"color: #3366ff;\"> : <\/span><span style=\"text-decoration: underline;\"><span style=\"color: #3366ff; text-decoration: underline;\">Possibilit\u00e9\u00a0de s&rsquo;inscrire \u00e0 tout moment de l&rsquo;ann\u00e9e scolaire.<\/span><\/span><\/p>\n<p style=\"text-align: justify;\"><span style=\"color: #3366ff;\">Cours particuliers sur RV (possibilit\u00e9s certains samedis et pendant les vacances scolaires).<\/span><\/p>\n<p style=\"text-align: justify;\"><span style=\"color: #800080;\"><span style=\"color: #800080;\"><span style=\"color: #000080;\"><span style=\"text-decoration: underline;\">Salle de pratique <span style=\"color: #333399; text-decoration: underline;\"><u>\u00e0<\/u><\/span>\u00a0Gap<\/span> : <\/span><span style=\"color: #000080;\">\u00ab\u00a0<strong>Centre Janou<\/strong>\u00ab\u00a0, Impasse des Hypoth\u00e8ques (Avenue Cdt Dumont),\u00a0 pour les cours collectifs et les ateliers.<br \/>\n<\/span><\/span><\/span><\/p>\n<p style=\"text-align: justify;\"><span style=\"color: #800080;\"><span style=\"color: #800080;\">Voir dans le site les autres activit\u00e9s,\u00a0les ateliers et leurs dates.<\/span><\/span><\/p>\n<p style=\"text-align: justify;\">\u00ab\u00a0Aucune \u00e9volution n&rsquo;est possible par le d\u00e9ni, la distraction ou en souhaitant \u00eatre ailleurs. Nous \u00e9voluons en faisant face et en embrassant les circonstances et les opportunit\u00e9s plac\u00e9es devant nous dans le <em>ceci-ici-maintenant.\u00a0\u00bb <\/em><\/p>\n<p style=\"text-align: justify;\">Michael Brown (Le processus de la pr\u00e9sence)<\/p>\n","protected":false},"excerpt":{"rendered":"<p>Reprise des cours habituels la semaine du 15 septembre 2025. Merci de t\u00e9l\u00e9phoner auparavant pour<a class=\"post_read_more\" href=\"https:\/\/www.yoga-gap.com\/?page_id=49\">Read More<\/a><\/p>\n","protected":false},"author":1,"featured_media":0,"parent":0,"menu_order":0,"comment_status":"open","ping_status":"open","template":"","meta":{"footnotes":""},"class_list":["post-49","page","type-page","status-publish","hentry"],"_links":{"self":[{"href":"https:\/\/www.yoga-gap.com\/index.php?rest_route=\/wp\/v2\/pages\/49","targetHints":{"allow":["GET"]}}],"collection":[{"href":"https:\/\/www.yoga-gap.com\/index.php?rest_route=\/wp\/v2\/pages"}],"about":[{"href":"https:\/\/www.yoga-gap.com\/index.php?rest_route=\/wp\/v2\/types\/page"}],"author":[{"embeddable":true,"href":"https:\/\/www.yoga-gap.com\/index.php?rest_route=\/wp\/v2\/users\/1"}],"replies":[{"embeddable":true,"href":"https:\/\/www.yoga-gap.com\/index.php?rest_route=%2Fwp%2Fv2%2Fcomments&post=49"}],"version-history":[{"count":94,"href":"https:\/\/www.yoga-gap.com\/index.php?rest_route=\/wp\/v2\/pages\/49\/revisions"}],"predecessor-version":[{"id":2151,"href":"https:\/\/www.yoga-gap.com\/index.php?rest_route=\/wp\/v2\/pages\/49\/revisions\/2151"}],"wp:attachment":[{"href":"https:\/\/www.yoga-gap.com\/index.php?rest_route=%2Fwp%2Fv2%2Fmedia&parent=49"}],"curies":[{"name":"wp","href":"https:\/\/api.w.org\/{rel}","templated":true}]}}